{"id":6229,"date":"2019-04-08T14:58:46","date_gmt":"2019-04-08T14:58:46","guid":{"rendered":"https:\/\/www.yoola-voyage.com\/?page_id=6229"},"modified":"2021-02-15T15:32:05","modified_gmt":"2021-02-15T15:32:05","slug":"mentions-legales","status":"publish","type":"page","link":"https:\/\/www.yoola-voyage.com\/index.php\/mentions-legales\/","title":{"rendered":"Mentions l\u00e9gales"},"content":{"rendered":"<div class=\"wpb-content-wrapper\"><p>[vc_row css=&#8221;.vc_custom_1554735522404{padding-right: 50px !important;padding-left: 50px !important;}&#8221;][vc_column][vc_column_text]<\/p>\n<div class=\"cms_bloc_text_gauche\">\n<p><strong>\u00c9dition\/publication du site :<\/strong><br \/>\nYOOLA SAS<\/p>\n<p>Si\u00e8ge social : 14 rue de Mantes 92700 Colombes<\/p>\n<p><strong>T\u00e9l. :<\/strong> 01 83 64 70 06<br \/>\n<strong>Email :<\/strong> info@yoola.fr<\/p>\n<p><strong>D\u00e9nomination sociale :<\/strong> YOOLA<br \/>\n<strong>Capital social :<\/strong> 15 870\u20ac<br \/>\n<strong>N\u00b0 Siret : 51080746400043<\/strong><\/p>\n<p><strong>Directeur de la publication :<\/strong><\/p>\n<p>MALIK BADSI<\/p>\n<p>&nbsp;<\/p>\n<p><strong>Immatriculation au registre des op\u00e9rateurs de voyages et<br \/>\nde s\u00e9jours sous le num\u00e9ro : IM075110275<\/strong><\/p>\n<p>&nbsp;<\/p>\n<p><strong>RC PRO HISCOX<\/strong><br \/>\nNum\u00e9ro de contrat : HA RCP0290816<\/p>\n<p>&nbsp;<\/p>\n<p><strong>Garantie Financi\u00e8re :<\/strong>\u00a0APST<\/p>\n<p><img decoding=\"async\" src=\"http:\/\/www.les-voyages-d-emilie.fr\/images\/site\/apst.png\" alt=\"apst\" \/><\/p>\n<\/div>\n<div class=\"cms_bloc_text_droite\">\n<p><strong>Respect de la vie priv\u00e9e et des donn\u00e9es personnelles :<\/strong><br \/>\nLes donn\u00e9es sont collect\u00e9es dans le but exclusif d&#8217;\u00e9tablir une relation commerciale et professionnelle avec les clients.<br \/>\nLes donn\u00e9es \u00e0 caract\u00e8re personnel sont conserv\u00e9es par YOOLA pendant une p\u00e9riode raisonnable.<br \/>\nSi la personne ne fournit pas toutes les informations obligatoires dans les formulaires du site (*Champs obligatoires), elle ne peut valider le formulaire.<\/p>\n<p>Le droit d&#8217;acc\u00e8s et de rectification pr\u00e9vu \u00e0 l&#8217;article 34 et suivants de la loi pr\u00e9cit\u00e9e s&#8217;exerce par courrier \u00e0 l&#8217;adresse :<br \/>\nYOOLA<\/p>\n<p>14 rue de Mantes<br \/>\n92700 Colombes<br \/>\n<strong><br \/>\nDroits de reproduction :<\/strong><br \/>\nL&#8217;ensemble de ce site rel\u00e8ve de la l\u00e9gislation fran\u00e7aise et internationale sur le droit d&#8217;auteur et la propri\u00e9t\u00e9 intellectuelle. Tous les droits de reproduction sont r\u00e9serv\u00e9s, y compris les repr\u00e9sentations iconographiques et photographiques. La reproduction de tout ou partie de ce site sur un support quel qu&#8217;il soit est formellement interdite, sauf autorisation expresse du directeur de la publication.<br \/>\n<strong><br \/>\nCr\u00e9dits photographiques :<\/strong><br \/>\nLes photographies utilis\u00e9es dans ce site font l&#8217;objet de droits r\u00e9serv\u00e9s. Elles ne peuvent pas \u00eatre utilis\u00e9es ou dupliqu\u00e9es sans l&#8217;autorisation \u00e9crite de YOOLA.<\/p>\n<p><strong>Avis relatif \u00e0 la s\u00e9curit\u00e9 :<\/strong><br \/>\nAfin d&#8217;assurer sa s\u00e9curit\u00e9 et de garantir son acc\u00e8s \u00e0 tous, ce site internet emploie des logiciels pour contr\u00f4ler les flux sur le site, pour identifier les tentatives non autoris\u00e9es de connexion ou de changement de l&#8217;information, ou toute autre initiative pouvant causer d&#8217;autres dommages. Les tentatives non autoris\u00e9es de chargement d&#8217;information, d&#8217;alt\u00e9ration des informations, visant \u00e0 causer un dommage et d&#8217;une mani\u00e8re g\u00e9n\u00e9rale toute atteinte \u00e0 la disponibilit\u00e9 et l&#8217;int\u00e9grit\u00e9 de ce site sont strictement interdites et seront sanctionn\u00e9es par le code p\u00e9nal. Ainsi l&#8217;article 323-1 du code p\u00e9nal pr\u00e9voit que le fait d&#8217;acc\u00e9der ou de se maintenir frauduleusement, dans tout ou partie d&#8217;un syst\u00e8me de traitement automatis\u00e9 de donn\u00e9es (c&#8217;est le cas d&#8217;un site internet) est puni de deux ans d&#8217;emprisonnement et de 30 000 euros d&#8217;amende. L&#8217;article 323-3 du m\u00eame code pr\u00e9voit que le fait d&#8217;introduire frauduleusement des donn\u00e9es dans un syst\u00e8me de traitement automatis\u00e9 ou de supprimer ou de modifier frauduleusement les donn\u00e9es qu&#8217;il contient est puni de cinq ans d&#8217;emprisonnement et de 75 000 euros d&#8217;amende.<\/p>\n<\/div>\n<p>[\/vc_column_text][\/vc_column][\/vc_row]<\/p>\n<\/div>","protected":false},"excerpt":{"rendered":"<p> [&hellip;]<\/p>\n","protected":false},"author":1,"featured_media":0,"parent":0,"menu_order":0,"comment_status":"closed","ping_status":"closed","template":"full-width.php","meta":{"footnotes":""},"class_list":["post-6229","page","type-page","status-publish","hentry"],"aioseo_notices":[],"_links":{"self":[{"href":"https:\/\/www.yoola-voyage.com\/index.php\/wp-json\/wp\/v2\/pages\/6229","targetHints":{"allow":["GET"]}}],"collection":[{"href":"https:\/\/www.yoola-voyage.com\/index.php\/wp-json\/wp\/v2\/pages"}],"about":[{"href":"https:\/\/www.yoola-voyage.com\/index.php\/wp-json\/wp\/v2\/types\/page"}],"author":[{"embeddable":true,"href":"https:\/\/www.yoola-voyage.com\/index.php\/wp-json\/wp\/v2\/users\/1"}],"replies":[{"embeddable":true,"href":"https:\/\/www.yoola-voyage.com\/index.php\/wp-json\/wp\/v2\/comments?post=6229"}],"version-history":[{"count":4,"href":"https:\/\/www.yoola-voyage.com\/index.php\/wp-json\/wp\/v2\/pages\/6229\/revisions"}],"predecessor-version":[{"id":10567,"href":"https:\/\/www.yoola-voyage.com\/index.php\/wp-json\/wp\/v2\/pages\/6229\/revisions\/10567"}],"wp:attachment":[{"href":"https:\/\/www.yoola-voyage.com\/index.php\/wp-json\/wp\/v2\/media?parent=6229"}],"curies":[{"name":"wp","href":"https:\/\/api.w.org\/{rel}","templated":true}]}}